{"id":159,"date":"2018-03-10T10:20:58","date_gmt":"2018-03-10T03:20:58","guid":{"rendered":"http:\/\/hungrt.raothue.com\/tubepthinhphat\/?post_type=product&#038;p=159"},"modified":"2018-03-12T08:56:11","modified_gmt":"2018-03-12T01:56:11","slug":"tu-bep-go-xoan-dao-xd03","status":"publish","type":"product","link":"https:\/\/c461-tubepthinhphat.com-vn.net\/?product=tu-bep-go-xoan-dao-xd03","title":{"rendered":"T\u1ee7 b\u1ebfp g\u1ed7 xoan \u0111\u00e0o XD03"},"content":{"rendered":"<p>Sed porttitor lectus nibh. Praesent sapien massa, convallis a pellentesque nec, egestas non nisi. Nulla quis lorem ut libero malesuada feugiat. Nulla quis lorem ut libero malesuada feugiat. Nulla porttitor accumsan tincidunt. Curabitur aliquet quam id dui posuere blandit. Praesent sapien massa, convallis a pellentesque nec, egestas non nisi. Praesent sapien massa, convallis a pellentesque nec, egestas non nisi. Quisque velit nisi, pretium ut lacinia in, elementum id enim. Nulla quis lorem ut libero malesuada feugiat.<\/p>\n<p>Donec rutrum congue leo eget malesuada. Curabitur aliquet quam id dui posuere blandit. Sed porttitor lectus nibh. Sed porttitor lectus nibh. Vivamus magna justo, lacinia eget consectetur sed, convallis at tellus. Nulla porttitor accumsan tincidunt. Curabitur aliquet quam id dui posuere blandit. Curabitur aliquet quam id dui posuere blandit. Cras ultricies ligula sed magna dictum porta. Nulla porttitor accumsan tincidunt.<\/p>\n<p><img loading=\"lazy\" class=\"aligncenter size-full wp-image-79\" src=\"http:\/\/tuan.raothue.com\/theme\/Nov\/wp-content\/uploads\/2017\/09\/6.jpg\" alt=\"\" width=\"1600\" height=\"1200\" srcset=\"https:\/\/c461-tubepthinhphat.com-vn.net\/wp-content\/uploads\/2017\/09\/6.jpg 1600w, https:\/\/c461-tubepthinhphat.com-vn.net\/wp-content\/uploads\/2017\/09\/6-300x225.jpg 300w, https:\/\/c461-tubepthinhphat.com-vn.net\/wp-content\/uploads\/2017\/09\/6-768x576.jpg 768w, https:\/\/c461-tubepthinhphat.com-vn.net\/wp-content\/uploads\/2017\/09\/6-1024x768.jpg 1024w, https:\/\/c461-tubepthinhphat.com-vn.net\/wp-content\/uploads\/2017\/09\/6-180x135.jpg 180w, https:\/\/c461-tubepthinhphat.com-vn.net\/wp-content\/uploads\/2017\/09\/6-600x450.jpg 600w\" sizes=\"(max-width: 1600px) 100vw, 1600px\" \/><\/p>\n<p>Sed porttitor lectus nibh. Praesent sapien massa, convallis a pellentesque nec, egestas non nisi. Nulla quis lorem ut libero malesuada feugiat. Nulla quis lorem ut libero malesuada feugiat. Nulla porttitor accumsan tincidunt. Curabitur aliquet quam id dui posuere blandit. Praesent sapien massa, convallis a pellentesque nec, egestas non nisi. Praesent sapien massa, convallis a pellentesque nec, egestas non nisi. Quisque velit nisi, pretium ut lacinia in, elementum id enim. Nulla quis lorem ut libero malesuada feugiat.<\/p>\n<p>Donec rutrum congue leo eget malesuada. Curabitur aliquet quam id dui posuere blandit. Sed porttitor lectus nibh. Sed porttitor lectus nibh. Vivamus magna justo, lacinia eget consectetur sed, convallis at tellus. Nulla porttitor accumsan tincidunt. Curabitur aliquet quam id dui posuere blandit. Curabitur aliquet quam id dui posuere blandit. Cras ultricies ligula sed magna dictum porta. Nulla porttitor accumsan tincidunt.<\/p>\n<p>&nbsp;<\/p>\n","protected":false},"excerpt":{"rendered":"<p><span style=\"font-size: 18px; color: #e5262e; text-transform: uppercase;\">T\u1ea1i sao b\u1ea1n n\u00ean ch\u1ecdn ch\u00fang t\u00f4i ?<\/span><\/p>\n<ul>\n<li>Cam k\u1ebft 100% g\u1ed7 t\u1ef1 nhi\u00ean kh\u00f4ng pha t\u1ea1p.<\/li>\n<li>Ph\u1ee5 ki\u1ec7n b\u1ea3o h\u00e0nh ch\u00ednh h\u00e3ng.Gi\u00e1 t\u1ed1t nh\u1ea5t .<\/li>\n<li>Mi\u1ec5n ph\u00ed thi\u1ebft k\u1ebf 3D.<\/li>\n<li>Mi\u1ec5n ph\u00ed giao h\u00e0ng n\u1ed9i th\u00e0nh H\u00e0 N\u1ed9i,TP H\u1ed3 Ch\u00ed Minh.<\/li>\n<li>Giao h\u00e0ng v\u00e0 b\u1ea3o h\u00e0nh t\u1ea1i nh\u00e0<\/li>\n<li>B\u1ea3o h\u00e0nh s\u1ea3n ph\u1ea9m 2 n\u0103m, b\u00e0o tr\u00ec tr\u1ecdn \u0111\u1eddi s\u1ea3n ph\u1ea9m<\/li>\n<\/ul>\n","protected":false},"featured_media":149,"comment_status":"open","ping_status":"closed","template":"","meta":[],"_links":{"self":[{"href":"https:\/\/c461-tubepthinhphat.com-vn.net\/index.php?rest_route=\/wp\/v2\/product\/159"}],"collection":[{"href":"https:\/\/c461-tubepthinhphat.com-vn.net\/index.php?rest_route=\/wp\/v2\/product"}],"about":[{"href":"https:\/\/c461-tubepthinhphat.com-vn.net\/index.php?rest_route=\/wp\/v2\/types\/product"}],"replies":[{"embeddable":true,"href":"https:\/\/c461-tubepthinhphat.com-vn.net\/index.php?rest_route=%2Fwp%2Fv2%2Fcomments&post=159"}],"wp:featuredmedia":[{"embeddable":true,"href":"https:\/\/c461-tubepthinhphat.com-vn.net\/index.php?rest_route=\/wp\/v2\/media\/149"}],"wp:attachment":[{"href":"https:\/\/c461-tubepthinhphat.com-vn.net\/index.php?rest_route=%2Fwp%2Fv2%2Fmedia&parent=159"}],"curies":[{"name":"wp","href":"https:\/\/api.w.org\/{rel}","templated":true}]}}